{"version":"1.0","provider_name":"Improof","provider_url":"https:\/\/www.improof.lu\/de\/","author_name":"Nermin Plavsic","author_url":"https:\/\/www.improof.lu\/de\/articles\/author\/nermin-plavsic\/","title":"Arbeitszeitverk\u00fcrzung \u2013 gut f\u00fcr Besch\u00e4ftigte, gut f\u00fcrs Klima","type":"rich","width":600,"height":338,"html":"<blockquote class=\"wp-embedded-content\" data-secret=\"9axvAdrdJ3\"><a href=\"https:\/\/www.improof.lu\/de\/articles\/arbeitszeitverkuerzung\/\">Arbeitszeitverk\u00fcrzung \u2013 gut f\u00fcr Besch\u00e4ftigte, gut f\u00fcrs Klima<\/a><\/blockquote><iframe sandbox=\"allow-scripts\" security=\"restricted\" src=\"https:\/\/www.improof.lu\/de\/articles\/arbeitszeitverkuerzung\/embed\/#?secret=9axvAdrdJ3\" width=\"600\" height=\"338\" title=\"&#8220;Arbeitszeitverk\u00fcrzung \u2013 gut f\u00fcr Besch\u00e4ftigte, gut f\u00fcrs Klima&#8221; &#8212; Improof\" data-secret=\"9axvAdrdJ3\" frameborder=\"0\" marginwidth=\"0\" marginheight=\"0\" scrolling=\"no\" class=\"wp-embedded-content\"><\/iframe><script>\n\/*! This file is auto-generated *\/\n!function(d,l){\"use strict\";l.querySelector&&d.addEventListener&&\"undefined\"!=typeof URL&&(d.wp=d.wp||{},d.wp.receiveEmbedMessage||(d.wp.receiveEmbedMessage=function(e){var t=e.data;if((t||t.secret||t.message||t.value)&&!\/[^a-zA-Z0-9]\/.test(t.secret)){for(var s,r,n,a=l.querySelectorAll('iframe[data-secret=\"'+t.secret+'\"]'),o=l.querySelectorAll('blockquote[data-secret=\"'+t.secret+'\"]'),c=new RegExp(\"^https?:$\",\"i\"),i=0;i<o.length;i++)o[i].style.display=\"none\";for(i=0;i<a.length;i++)s=a[i],e.source===s.contentWindow&&(s.removeAttribute(\"style\"),\"height\"===t.message?(1e3<(r=parseInt(t.value,10))?r=1e3:~~r<200&&(r=200),s.height=r):\"link\"===t.message&&(r=new URL(s.getAttribute(\"src\")),n=new URL(t.value),c.test(n.protocol))&&n.host===r.host&&l.activeElement===s&&(d.top.location.href=t.value))}},d.addEventListener(\"message\",d.wp.receiveEmbedMessage,!1),l.addEventListener(\"DOMContentLoaded\",function(){for(var e,t,s=l.querySelectorAll(\"iframe.wp-embedded-content\"),r=0;r<s.length;r++)(t=(e=s[r]).getAttribute(\"data-secret\"))||(t=Math.random().toString(36).substring(2,12),e.src+=\"#?secret=\"+t,e.setAttribute(\"data-secret\",t)),e.contentWindow.postMessage({message:\"ready\",secret:t},\"*\")},!1)))}(window,document);\n<\/script>\n","description":"Was wir einkaufen, wie wir uns fortbewegen und wohin wir auf Urlaub fahren \u2013 damit besch\u00e4ftigen wir uns in der Klimadebatte schon lange. Doch um Emissionen zu senken, m\u00fcssen wir nicht nur unseren Konsum neu denken, sondern auch die T\u00e4tigkeit, mit der wir am meisten Zeit verbringen: unsere Erwerbsarbeit.","thumbnail_url":"https:\/\/www.improof.lu\/app\/uploads\/2024\/03\/BildAK.jpg","thumbnail_width":1920,"thumbnail_height":1076}

Arbeitszeitverkürzung – gut für Beschäftigte, gut fürs Klima

<blockquote class="wp-embedded-content" data-secret="9axvAdrdJ3"><a href="https://www.improof.lu/de/articles/arbeitszeitverkuerzung/">Arbeitszeitverkürzung – gut für Beschäftigte, gut fürs Klima</a></blockquote><iframe sandbox="allow-scripts" security="restricted" src="https://www.improof.lu/de/articles/arbeitszeitverkuerzung/embed/#?secret=9axvAdrdJ3" width="600" height="338" title="&#8220;Arbeitszeitverkürzung – gut für Beschäftigte, gut fürs Klima&#8221; &#8212; Improof" data-secret="9axvAdrdJ3" frameborder="0" marginwidth="0" marginheight="0" scrolling="no" class="wp-embedded-content"></iframe><script>
/*! This file is auto-generated */
!function(d,l){"use strict";l.querySelector&&d.addEventListener&&"undefined"!=typeof URL&&(d.wp=d.wp||{},d.wp.receiveEmbedMessage||(d.wp.receiveEmbedMessage=function(e){var t=e.data;if((t||t.secret||t.message||t.value)&&!/[^a-zA-Z0-9]/.test(t.secret)){for(var s,r,n,a=l.querySelectorAll('iframe[data-secret="'+t.secret+'"]'),o=l.querySelectorAll('blockquote[data-secret="'+t.secret+'"]'),c=new RegExp("^https?:$","i"),i=0;i<o.length;i++)o[i].style.display="none";for(i=0;i<a.length;i++)s=a[i],e.source===s.contentWindow&&(s.removeAttribute("style"),"height"===t.message?(1e3<(r=parseInt(t.value,10))?r=1e3:~~r<200&&(r=200),s.height=r):"link"===t.message&&(r=new URL(s.getAttribute("src")),n=new URL(t.value),c.test(n.protocol))&&n.host===r.host&&l.activeElement===s&&(d.top.location.href=t.value))}},d.addEventListener("message",d.wp.receiveEmbedMessage,!1),l.addEventListener("DOMContentLoaded",function(){for(var e,t,s=l.querySelectorAll("iframe.wp-embedded-content"),r=0;r<s.length;r++)(t=(e=s[r]).getAttribute("data-secret"))||(t=Math.random().toString(36).substring(2,12),e.src+="#?secret="+t,e.setAttribute("data-secret",t)),e.contentWindow.postMessage({message:"ready",secret:t},"*")},!1)))}(window,document);
</script>

Was wir einkaufen, wie wir uns fortbewegen und wohin wir auf Urlaub fahren – damit beschäftigen wir uns in der Klimadebatte schon lange. Doch um Emissionen zu senken, müssen wir nicht nur unseren Konsum neu denken, sondern auch die Tätigkeit, mit der wir am meisten Zeit verbringen: unsere Erwerbsarbeit.
