{"version":"1.0","provider_name":"Improof","provider_url":"https:\/\/www.improof.lu\/de\/","author_name":"Nermin Plavsic","author_url":"https:\/\/www.improof.lu\/de\/articles\/author\/nermin-plavsic\/","title":"L\u2019importance du dialogue social pour le d\u00e9veloppement des comp\u00e9tences","type":"rich","width":600,"height":338,"html":"<blockquote class=\"wp-embedded-content\" data-secret=\"oAKmVx8P7o\"><a href=\"https:\/\/www.improof.lu\/de\/articles\/dialogue-social-formation\/\">L\u2019importance du dialogue social pour le d\u00e9veloppement des comp\u00e9tences<\/a><\/blockquote><iframe sandbox=\"allow-scripts\" security=\"restricted\" src=\"https:\/\/www.improof.lu\/de\/articles\/dialogue-social-formation\/embed\/#?secret=oAKmVx8P7o\" width=\"600\" height=\"338\" title=\"&#8220;L\u2019importance du dialogue social pour le d\u00e9veloppement des comp\u00e9tences&#8221; &#8212; Improof\" data-secret=\"oAKmVx8P7o\" frameborder=\"0\" marginwidth=\"0\" marginheight=\"0\" scrolling=\"no\" class=\"wp-embedded-content\"><\/iframe><script>\n\/*! This file is auto-generated *\/\n!function(d,l){\"use strict\";l.querySelector&&d.addEventListener&&\"undefined\"!=typeof URL&&(d.wp=d.wp||{},d.wp.receiveEmbedMessage||(d.wp.receiveEmbedMessage=function(e){var t=e.data;if((t||t.secret||t.message||t.value)&&!\/[^a-zA-Z0-9]\/.test(t.secret)){for(var s,r,n,a=l.querySelectorAll('iframe[data-secret=\"'+t.secret+'\"]'),o=l.querySelectorAll('blockquote[data-secret=\"'+t.secret+'\"]'),c=new RegExp(\"^https?:$\",\"i\"),i=0;i<o.length;i++)o[i].style.display=\"none\";for(i=0;i<a.length;i++)s=a[i],e.source===s.contentWindow&&(s.removeAttribute(\"style\"),\"height\"===t.message?(1e3<(r=parseInt(t.value,10))?r=1e3:~~r<200&&(r=200),s.height=r):\"link\"===t.message&&(r=new URL(s.getAttribute(\"src\")),n=new URL(t.value),c.test(n.protocol))&&n.host===r.host&&l.activeElement===s&&(d.top.location.href=t.value))}},d.addEventListener(\"message\",d.wp.receiveEmbedMessage,!1),l.addEventListener(\"DOMContentLoaded\",function(){for(var e,t,s=l.querySelectorAll(\"iframe.wp-embedded-content\"),r=0;r<s.length;r++)(t=(e=s[r]).getAttribute(\"data-secret\"))||(t=Math.random().toString(36).substring(2,12),e.src+=\"#?secret=\"+t,e.setAttribute(\"data-secret\",t)),e.contentWindow.postMessage({message:\"ready\",secret:t},\"*\")},!1)))}(window,document);\n<\/script>\n","description":"Compte tenu des d\u00e9fis li\u00e9s \u00e0 la transformation num\u00e9rique et \u00e0 la transition vers une \u00e9conomie verte, le monde du travail est en pleine mutation. Il existe manifestement un besoin global pour davantage de formations professionnelles, qu'elles soient initiales ou continues, et il sera essentiel que celles-ci r\u00e9pondent aux besoins des employeurs, mais aussi des travailleurs.","thumbnail_url":"https:\/\/www.improof.lu\/app\/uploads\/2024\/04\/bild.jpg"}

L’importance du dialogue social pour le développement des compétences

<blockquote class="wp-embedded-content" data-secret="oAKmVx8P7o"><a href="https://www.improof.lu/de/articles/dialogue-social-formation/">L’importance du dialogue social pour le développement des compétences</a></blockquote><iframe sandbox="allow-scripts" security="restricted" src="https://www.improof.lu/de/articles/dialogue-social-formation/embed/#?secret=oAKmVx8P7o" width="600" height="338" title="&#8220;L’importance du dialogue social pour le développement des compétences&#8221; &#8212; Improof" data-secret="oAKmVx8P7o" frameborder="0" marginwidth="0" marginheight="0" scrolling="no" class="wp-embedded-content"></iframe><script>
/*! This file is auto-generated */
!function(d,l){"use strict";l.querySelector&&d.addEventListener&&"undefined"!=typeof URL&&(d.wp=d.wp||{},d.wp.receiveEmbedMessage||(d.wp.receiveEmbedMessage=function(e){var t=e.data;if((t||t.secret||t.message||t.value)&&!/[^a-zA-Z0-9]/.test(t.secret)){for(var s,r,n,a=l.querySelectorAll('iframe[data-secret="'+t.secret+'"]'),o=l.querySelectorAll('blockquote[data-secret="'+t.secret+'"]'),c=new RegExp("^https?:$","i"),i=0;i<o.length;i++)o[i].style.display="none";for(i=0;i<a.length;i++)s=a[i],e.source===s.contentWindow&&(s.removeAttribute("style"),"height"===t.message?(1e3<(r=parseInt(t.value,10))?r=1e3:~~r<200&&(r=200),s.height=r):"link"===t.message&&(r=new URL(s.getAttribute("src")),n=new URL(t.value),c.test(n.protocol))&&n.host===r.host&&l.activeElement===s&&(d.top.location.href=t.value))}},d.addEventListener("message",d.wp.receiveEmbedMessage,!1),l.addEventListener("DOMContentLoaded",function(){for(var e,t,s=l.querySelectorAll("iframe.wp-embedded-content"),r=0;r<s.length;r++)(t=(e=s[r]).getAttribute("data-secret"))||(t=Math.random().toString(36).substring(2,12),e.src+="#?secret="+t,e.setAttribute("data-secret",t)),e.contentWindow.postMessage({message:"ready",secret:t},"*")},!1)))}(window,document);
</script>

Compte tenu des défis liés à la transformation numérique et à la transition vers une économie verte, le monde du travail est en pleine mutation. Il existe manifestement un besoin global pour davantage de formations professionnelles, qu'elles soient initiales ou continues, et il sera essentiel que celles-ci répondent aux besoins des employeurs, mais aussi des travailleurs.
