{"version":"1.0","provider_name":"Improof","provider_url":"https:\/\/www.improof.lu\/de\/","author_name":"Nermin Plavsic","author_url":"https:\/\/www.improof.lu\/de\/articles\/author\/nermin-plavsic\/","title":"La formation continue : un droit, pas un privil\u00e8ge","type":"rich","width":600,"height":338,"html":"<blockquote class=\"wp-embedded-content\" data-secret=\"ylvJsKyEtX\"><a href=\"https:\/\/www.improof.lu\/de\/articles\/la-formation-continue-un-droit-pas-un-privilege\/\">La formation continue : un droit, pas un privil\u00e8ge<\/a><\/blockquote><iframe sandbox=\"allow-scripts\" security=\"restricted\" src=\"https:\/\/www.improof.lu\/de\/articles\/la-formation-continue-un-droit-pas-un-privilege\/embed\/#?secret=ylvJsKyEtX\" width=\"600\" height=\"338\" title=\"&#8220;La formation continue : un droit, pas un privil\u00e8ge&#8221; &#8212; Improof\" data-secret=\"ylvJsKyEtX\" frameborder=\"0\" marginwidth=\"0\" marginheight=\"0\" scrolling=\"no\" class=\"wp-embedded-content\"><\/iframe><script>\n\/*! This file is auto-generated *\/\n!function(d,l){\"use strict\";l.querySelector&&d.addEventListener&&\"undefined\"!=typeof URL&&(d.wp=d.wp||{},d.wp.receiveEmbedMessage||(d.wp.receiveEmbedMessage=function(e){var t=e.data;if((t||t.secret||t.message||t.value)&&!\/[^a-zA-Z0-9]\/.test(t.secret)){for(var s,r,n,a=l.querySelectorAll('iframe[data-secret=\"'+t.secret+'\"]'),o=l.querySelectorAll('blockquote[data-secret=\"'+t.secret+'\"]'),c=new RegExp(\"^https?:$\",\"i\"),i=0;i<o.length;i++)o[i].style.display=\"none\";for(i=0;i<a.length;i++)s=a[i],e.source===s.contentWindow&&(s.removeAttribute(\"style\"),\"height\"===t.message?(1e3<(r=parseInt(t.value,10))?r=1e3:~~r<200&&(r=200),s.height=r):\"link\"===t.message&&(r=new URL(s.getAttribute(\"src\")),n=new URL(t.value),c.test(n.protocol))&&n.host===r.host&&l.activeElement===s&&(d.top.location.href=t.value))}},d.addEventListener(\"message\",d.wp.receiveEmbedMessage,!1),l.addEventListener(\"DOMContentLoaded\",function(){for(var e,t,s=l.querySelectorAll(\"iframe.wp-embedded-content\"),r=0;r<s.length;r++)(t=(e=s[r]).getAttribute(\"data-secret\"))||(t=Math.random().toString(36).substring(2,12),e.src+=\"#?secret=\"+t,e.setAttribute(\"data-secret\",t)),e.contentWindow.postMessage({message:\"ready\",secret:t},\"*\")},!1)))}(window,document);\n<\/script>\n","description":"La Charte europ\u00e9enne des droits fondamentaux stipule que l\u2019acc\u00e8s \u00e0 la formation continue est reconnu comme un droit fondamental, tout comme l\u2019\u00e9ducation. Malgr\u00e9 la diversit\u00e9 des dispositifs de formation, proposant une multitude de formats et de parcours adapt\u00e9s aux besoins et aux situations de chacun, les in\u00e9galit\u00e9s persistent. En effet, tout le monde ne dispose pas des m\u00eames opportunit\u00e9s, ni des m\u00eames ressources pour y acc\u00e9der.","thumbnail_url":"https:\/\/www.improof.lu\/app\/uploads\/2025\/10\/class-1024x574.png"}

La formation continue : un droit, pas un privilège

<blockquote class="wp-embedded-content" data-secret="ylvJsKyEtX"><a href="https://www.improof.lu/de/articles/la-formation-continue-un-droit-pas-un-privilege/">La formation continue : un droit, pas un privilège</a></blockquote><iframe sandbox="allow-scripts" security="restricted" src="https://www.improof.lu/de/articles/la-formation-continue-un-droit-pas-un-privilege/embed/#?secret=ylvJsKyEtX" width="600" height="338" title="&#8220;La formation continue : un droit, pas un privilège&#8221; &#8212; Improof" data-secret="ylvJsKyEtX" frameborder="0" marginwidth="0" marginheight="0" scrolling="no" class="wp-embedded-content"></iframe><script>
/*! This file is auto-generated */
!function(d,l){"use strict";l.querySelector&&d.addEventListener&&"undefined"!=typeof URL&&(d.wp=d.wp||{},d.wp.receiveEmbedMessage||(d.wp.receiveEmbedMessage=function(e){var t=e.data;if((t||t.secret||t.message||t.value)&&!/[^a-zA-Z0-9]/.test(t.secret)){for(var s,r,n,a=l.querySelectorAll('iframe[data-secret="'+t.secret+'"]'),o=l.querySelectorAll('blockquote[data-secret="'+t.secret+'"]'),c=new RegExp("^https?:$","i"),i=0;i<o.length;i++)o[i].style.display="none";for(i=0;i<a.length;i++)s=a[i],e.source===s.contentWindow&&(s.removeAttribute("style"),"height"===t.message?(1e3<(r=parseInt(t.value,10))?r=1e3:~~r<200&&(r=200),s.height=r):"link"===t.message&&(r=new URL(s.getAttribute("src")),n=new URL(t.value),c.test(n.protocol))&&n.host===r.host&&l.activeElement===s&&(d.top.location.href=t.value))}},d.addEventListener("message",d.wp.receiveEmbedMessage,!1),l.addEventListener("DOMContentLoaded",function(){for(var e,t,s=l.querySelectorAll("iframe.wp-embedded-content"),r=0;r<s.length;r++)(t=(e=s[r]).getAttribute("data-secret"))||(t=Math.random().toString(36).substring(2,12),e.src+="#?secret="+t,e.setAttribute("data-secret",t)),e.contentWindow.postMessage({message:"ready",secret:t},"*")},!1)))}(window,document);
</script>

La Charte européenne des droits fondamentaux stipule que l’accès à la formation continue est reconnu comme un droit fondamental, tout comme l’éducation. Malgré la diversité des dispositifs de formation, proposant une multitude de formats et de parcours adaptés aux besoins et aux situations de chacun, les inégalités persistent. En effet, tout le monde ne dispose pas des mêmes opportunités, ni des mêmes ressources pour y accéder.
