{"version":"1.0","provider_name":"Improof","provider_url":"https:\/\/www.improof.lu\/de\/","author_name":"Nermin Plavsic","author_url":"https:\/\/www.improof.lu\/de\/articles\/author\/nermin-plavsic\/","title":"La sobri\u00e9t\u00e9 du travail","type":"rich","width":600,"height":338,"html":"<blockquote class=\"wp-embedded-content\" data-secret=\"bh4K7hKIPq\"><a href=\"https:\/\/www.improof.lu\/de\/articles\/la-sobriete-du-travail\/\">La sobri\u00e9t\u00e9 du travail : un horizon syndical europ\u00e9en face aux crises socio-\u00e9cologiques et au productivisme vert<\/a><\/blockquote><iframe sandbox=\"allow-scripts\" security=\"restricted\" src=\"https:\/\/www.improof.lu\/de\/articles\/la-sobriete-du-travail\/embed\/#?secret=bh4K7hKIPq\" width=\"600\" height=\"338\" title=\"&#8220;La sobri\u00e9t\u00e9 du travail : un horizon syndical europ\u00e9en face aux crises socio-\u00e9cologiques et au productivisme vert&#8221; &#8212; Improof\" data-secret=\"bh4K7hKIPq\" frameborder=\"0\" marginwidth=\"0\" marginheight=\"0\" scrolling=\"no\" class=\"wp-embedded-content\"><\/iframe><script>\n\/*! This file is auto-generated *\/\n!function(d,l){\"use strict\";l.querySelector&&d.addEventListener&&\"undefined\"!=typeof URL&&(d.wp=d.wp||{},d.wp.receiveEmbedMessage||(d.wp.receiveEmbedMessage=function(e){var t=e.data;if((t||t.secret||t.message||t.value)&&!\/[^a-zA-Z0-9]\/.test(t.secret)){for(var s,r,n,a=l.querySelectorAll('iframe[data-secret=\"'+t.secret+'\"]'),o=l.querySelectorAll('blockquote[data-secret=\"'+t.secret+'\"]'),c=new RegExp(\"^https?:$\",\"i\"),i=0;i<o.length;i++)o[i].style.display=\"none\";for(i=0;i<a.length;i++)s=a[i],e.source===s.contentWindow&&(s.removeAttribute(\"style\"),\"height\"===t.message?(1e3<(r=parseInt(t.value,10))?r=1e3:~~r<200&&(r=200),s.height=r):\"link\"===t.message&&(r=new URL(s.getAttribute(\"src\")),n=new URL(t.value),c.test(n.protocol))&&n.host===r.host&&l.activeElement===s&&(d.top.location.href=t.value))}},d.addEventListener(\"message\",d.wp.receiveEmbedMessage,!1),l.addEventListener(\"DOMContentLoaded\",function(){for(var e,t,s=l.querySelectorAll(\"iframe.wp-embedded-content\"),r=0;r<s.length;r++)(t=(e=s[r]).getAttribute(\"data-secret\"))||(t=Math.random().toString(36).substring(2,12),e.src+=\"#?secret=\"+t,e.setAttribute(\"data-secret\",t)),e.contentWindow.postMessage({message:\"ready\",secret:t},\"*\")},!1)))}(window,document);\n<\/script>\n","description":"Contrairement aux autres formes de sobri\u00e9t\u00e9 de consommation, la sobri\u00e9t\u00e9 du travail n\u2019est pas privative ni punitive, mais elle am\u00e9liore la qualit\u00e9 de vie : en \u00e9conomisant des efforts humains, elle prot\u00e8ge la sant\u00e9 et lib\u00e8re du temps en dehors de l\u2019effort productif. Elle suppose de rompre avec l\u2019id\u00e9ologie n\u00e9olib\u00e9rale qui valorise l\u2019intensit\u00e9 au travail, y voit un effort pour obtenir des r\u00e9compenses m\u00e9rit\u00e9es, sans interroger ce qui est produit ni \u00e0 quel prix humain et \u00e9cologique.","thumbnail_url":"https:\/\/www.improof.lu\/app\/uploads\/2026\/01\/london-1024x574.png"}

La sobriété du travail

<blockquote class="wp-embedded-content" data-secret="bh4K7hKIPq"><a href="https://www.improof.lu/de/articles/la-sobriete-du-travail/">La sobriété du travail : un horizon syndical européen face aux crises socio-écologiques et au productivisme vert</a></blockquote><iframe sandbox="allow-scripts" security="restricted" src="https://www.improof.lu/de/articles/la-sobriete-du-travail/embed/#?secret=bh4K7hKIPq" width="600" height="338" title="&#8220;La sobriété du travail : un horizon syndical européen face aux crises socio-écologiques et au productivisme vert&#8221; &#8212; Improof" data-secret="bh4K7hKIPq" frameborder="0" marginwidth="0" marginheight="0" scrolling="no" class="wp-embedded-content"></iframe><script>
/*! This file is auto-generated */
!function(d,l){"use strict";l.querySelector&&d.addEventListener&&"undefined"!=typeof URL&&(d.wp=d.wp||{},d.wp.receiveEmbedMessage||(d.wp.receiveEmbedMessage=function(e){var t=e.data;if((t||t.secret||t.message||t.value)&&!/[^a-zA-Z0-9]/.test(t.secret)){for(var s,r,n,a=l.querySelectorAll('iframe[data-secret="'+t.secret+'"]'),o=l.querySelectorAll('blockquote[data-secret="'+t.secret+'"]'),c=new RegExp("^https?:$","i"),i=0;i<o.length;i++)o[i].style.display="none";for(i=0;i<a.length;i++)s=a[i],e.source===s.contentWindow&&(s.removeAttribute("style"),"height"===t.message?(1e3<(r=parseInt(t.value,10))?r=1e3:~~r<200&&(r=200),s.height=r):"link"===t.message&&(r=new URL(s.getAttribute("src")),n=new URL(t.value),c.test(n.protocol))&&n.host===r.host&&l.activeElement===s&&(d.top.location.href=t.value))}},d.addEventListener("message",d.wp.receiveEmbedMessage,!1),l.addEventListener("DOMContentLoaded",function(){for(var e,t,s=l.querySelectorAll("iframe.wp-embedded-content"),r=0;r<s.length;r++)(t=(e=s[r]).getAttribute("data-secret"))||(t=Math.random().toString(36).substring(2,12),e.src+="#?secret="+t,e.setAttribute("data-secret",t)),e.contentWindow.postMessage({message:"ready",secret:t},"*")},!1)))}(window,document);
</script>

Contrairement aux autres formes de sobriété de consommation, la sobriété du travail n’est pas privative ni punitive, mais elle améliore la qualité de vie : en économisant des efforts humains, elle protège la santé et libère du temps en dehors de l’effort productif. Elle suppose de rompre avec l’idéologie néolibérale qui valorise l’intensité au travail, y voit un effort pour obtenir des récompenses méritées, sans interroger ce qui est produit ni à quel prix humain et écologique.
