{"version":"1.0","provider_name":"Improof","provider_url":"https:\/\/www.improof.lu\/de\/","author_name":"Nathalie Lorentz | Kristell Leduc","author_url":"https:\/\/www.improof.lu\/de\/articles\/author\/lorentz-leduc\/","title":"Deux perspectives sur les difficult\u00e9s des m\u00e9nages face au logement : taux d\u2019effort et d\u00e9privation multidimensionnelle","type":"rich","width":600,"height":338,"html":"<blockquote class=\"wp-embedded-content\" data-secret=\"ipkkhwb8jS\"><a href=\"https:\/\/www.improof.lu\/de\/articles\/les-difficultes-des-menages-face-au-logement\/\">Deux perspectives sur les difficult\u00e9s des m\u00e9nages face au logement : taux d\u2019effort et d\u00e9privation multidimensionnelle<\/a><\/blockquote><iframe sandbox=\"allow-scripts\" security=\"restricted\" src=\"https:\/\/www.improof.lu\/de\/articles\/les-difficultes-des-menages-face-au-logement\/embed\/#?secret=ipkkhwb8jS\" width=\"600\" height=\"338\" title=\"&#8220;Deux perspectives sur les difficult\u00e9s des m\u00e9nages face au logement : taux d\u2019effort et d\u00e9privation multidimensionnelle&#8221; &#8212; Improof\" data-secret=\"ipkkhwb8jS\" frameborder=\"0\" marginwidth=\"0\" marginheight=\"0\" scrolling=\"no\" class=\"wp-embedded-content\"><\/iframe><script>\n\/*! This file is auto-generated *\/\n!function(d,l){\"use strict\";l.querySelector&&d.addEventListener&&\"undefined\"!=typeof URL&&(d.wp=d.wp||{},d.wp.receiveEmbedMessage||(d.wp.receiveEmbedMessage=function(e){var t=e.data;if((t||t.secret||t.message||t.value)&&!\/[^a-zA-Z0-9]\/.test(t.secret)){for(var s,r,n,a=l.querySelectorAll('iframe[data-secret=\"'+t.secret+'\"]'),o=l.querySelectorAll('blockquote[data-secret=\"'+t.secret+'\"]'),c=new RegExp(\"^https?:$\",\"i\"),i=0;i<o.length;i++)o[i].style.display=\"none\";for(i=0;i<a.length;i++)s=a[i],e.source===s.contentWindow&&(s.removeAttribute(\"style\"),\"height\"===t.message?(1e3<(r=parseInt(t.value,10))?r=1e3:~~r<200&&(r=200),s.height=r):\"link\"===t.message&&(r=new URL(s.getAttribute(\"src\")),n=new URL(t.value),c.test(n.protocol))&&n.host===r.host&&l.activeElement===s&&(d.top.location.href=t.value))}},d.addEventListener(\"message\",d.wp.receiveEmbedMessage,!1),l.addEventListener(\"DOMContentLoaded\",function(){for(var e,t,s=l.querySelectorAll(\"iframe.wp-embedded-content\"),r=0;r<s.length;r++)(t=(e=s[r]).getAttribute(\"data-secret\"))||(t=Math.random().toString(36).substring(2,12),e.src+=\"#?secret=\"+t,e.setAttribute(\"data-secret\",t)),e.contentWindow.postMessage({message:\"ready\",secret:t},\"*\")},!1)))}(window,document);\n<\/script>\n","description":"La probl\u00e9matique li\u00e9e aux conditions de logement et \u00e0 leur co\u00fbt rev\u00eat une importance cruciale pour la compr\u00e9hension des conditions de vie des personnes se situant dans la tranche inf\u00e9rieure de la r\u00e9partition des revenus. Cette question est d'autant plus pr\u00e9occupante au Luxembourg en raison de la forte augmentation des prix des logements et des loyers au cours des derni\u00e8res ann\u00e9es, en particulier pour les nouveaux contrats de location.","thumbnail_url":"https:\/\/www.improof.lu\/app\/uploads\/2024\/01\/logement.jpg"}

Deux perspectives sur les difficultés des ménages face au logement : taux d’effort et déprivation multidimensionnelle

<blockquote class="wp-embedded-content" data-secret="ipkkhwb8jS"><a href="https://www.improof.lu/de/articles/les-difficultes-des-menages-face-au-logement/">Deux perspectives sur les difficultés des ménages face au logement : taux d’effort et déprivation multidimensionnelle</a></blockquote><iframe sandbox="allow-scripts" security="restricted" src="https://www.improof.lu/de/articles/les-difficultes-des-menages-face-au-logement/embed/#?secret=ipkkhwb8jS" width="600" height="338" title="&#8220;Deux perspectives sur les difficultés des ménages face au logement : taux d’effort et déprivation multidimensionnelle&#8221; &#8212; Improof" data-secret="ipkkhwb8jS" frameborder="0" marginwidth="0" marginheight="0" scrolling="no" class="wp-embedded-content"></iframe><script>
/*! This file is auto-generated */
!function(d,l){"use strict";l.querySelector&&d.addEventListener&&"undefined"!=typeof URL&&(d.wp=d.wp||{},d.wp.receiveEmbedMessage||(d.wp.receiveEmbedMessage=function(e){var t=e.data;if((t||t.secret||t.message||t.value)&&!/[^a-zA-Z0-9]/.test(t.secret)){for(var s,r,n,a=l.querySelectorAll('iframe[data-secret="'+t.secret+'"]'),o=l.querySelectorAll('blockquote[data-secret="'+t.secret+'"]'),c=new RegExp("^https?:$","i"),i=0;i<o.length;i++)o[i].style.display="none";for(i=0;i<a.length;i++)s=a[i],e.source===s.contentWindow&&(s.removeAttribute("style"),"height"===t.message?(1e3<(r=parseInt(t.value,10))?r=1e3:~~r<200&&(r=200),s.height=r):"link"===t.message&&(r=new URL(s.getAttribute("src")),n=new URL(t.value),c.test(n.protocol))&&n.host===r.host&&l.activeElement===s&&(d.top.location.href=t.value))}},d.addEventListener("message",d.wp.receiveEmbedMessage,!1),l.addEventListener("DOMContentLoaded",function(){for(var e,t,s=l.querySelectorAll("iframe.wp-embedded-content"),r=0;r<s.length;r++)(t=(e=s[r]).getAttribute("data-secret"))||(t=Math.random().toString(36).substring(2,12),e.src+="#?secret="+t,e.setAttribute("data-secret",t)),e.contentWindow.postMessage({message:"ready",secret:t},"*")},!1)))}(window,document);
</script>

La problématique liée aux conditions de logement et à leur coût revêt une importance cruciale pour la compréhension des conditions de vie des personnes se situant dans la tranche inférieure de la répartition des revenus. Cette question est d'autant plus préoccupante au Luxembourg en raison de la forte augmentation des prix des logements et des loyers au cours des dernières années, en particulier pour les nouveaux contrats de location.
