{"version":"1.0","provider_name":"Improof","provider_url":"https:\/\/www.improof.lu\/de\/","author_name":"Anne-Catherine Guio","author_url":"https:\/\/www.improof.lu\/de\/articles\/author\/anne-catherine-guio\/","title":"Pauvret\u00e9 \u00e9nerg\u00e9tique au Luxembourg : comment la mesurer ?","type":"rich","width":600,"height":338,"html":"<blockquote class=\"wp-embedded-content\" data-secret=\"aXVRjaSkWF\"><a href=\"https:\/\/www.improof.lu\/de\/articles\/pauvrete-energetique-au-luxembourg\/\">Pauvret\u00e9 \u00e9nerg\u00e9tique au Luxembourg : comment la mesurer ?<\/a><\/blockquote><iframe sandbox=\"allow-scripts\" security=\"restricted\" src=\"https:\/\/www.improof.lu\/de\/articles\/pauvrete-energetique-au-luxembourg\/embed\/#?secret=aXVRjaSkWF\" width=\"600\" height=\"338\" title=\"&#8220;Pauvret\u00e9 \u00e9nerg\u00e9tique au Luxembourg : comment la mesurer ?&#8221; &#8212; Improof\" data-secret=\"aXVRjaSkWF\" frameborder=\"0\" marginwidth=\"0\" marginheight=\"0\" scrolling=\"no\" class=\"wp-embedded-content\"><\/iframe><script>\n\/*! This file is auto-generated *\/\n!function(d,l){\"use strict\";l.querySelector&&d.addEventListener&&\"undefined\"!=typeof URL&&(d.wp=d.wp||{},d.wp.receiveEmbedMessage||(d.wp.receiveEmbedMessage=function(e){var t=e.data;if((t||t.secret||t.message||t.value)&&!\/[^a-zA-Z0-9]\/.test(t.secret)){for(var s,r,n,a=l.querySelectorAll('iframe[data-secret=\"'+t.secret+'\"]'),o=l.querySelectorAll('blockquote[data-secret=\"'+t.secret+'\"]'),c=new RegExp(\"^https?:$\",\"i\"),i=0;i<o.length;i++)o[i].style.display=\"none\";for(i=0;i<a.length;i++)s=a[i],e.source===s.contentWindow&&(s.removeAttribute(\"style\"),\"height\"===t.message?(1e3<(r=parseInt(t.value,10))?r=1e3:~~r<200&&(r=200),s.height=r):\"link\"===t.message&&(r=new URL(s.getAttribute(\"src\")),n=new URL(t.value),c.test(n.protocol))&&n.host===r.host&&l.activeElement===s&&(d.top.location.href=t.value))}},d.addEventListener(\"message\",d.wp.receiveEmbedMessage,!1),l.addEventListener(\"DOMContentLoaded\",function(){for(var e,t,s=l.querySelectorAll(\"iframe.wp-embedded-content\"),r=0;r<s.length;r++)(t=(e=s[r]).getAttribute(\"data-secret\"))||(t=Math.random().toString(36).substring(2,12),e.src+=\"#?secret=\"+t,e.setAttribute(\"data-secret\",t)),e.contentWindow.postMessage({message:\"ready\",secret:t},\"*\")},!1)))}(window,document);\n<\/script>\n","description":"La crise actuelle frappe de plein fouet une importante proportion de la population, au Luxembourg et ailleurs. Les prix de l\u2019\u00e9nergie ont atteint des records et gr\u00e8ve le budget des m\u00e9nages. Quelle est la cons\u00e9quence de cette crise sur la pauvret\u00e9 \u00e9nerg\u00e9tique ?","thumbnail_url":"https:\/\/www.improof.lu\/app\/uploads\/2023\/12\/coupure.jpg"}

Pauvreté énergétique au Luxembourg : comment la mesurer ?

<blockquote class="wp-embedded-content" data-secret="aXVRjaSkWF"><a href="https://www.improof.lu/de/articles/pauvrete-energetique-au-luxembourg/">Pauvreté énergétique au Luxembourg : comment la mesurer ?</a></blockquote><iframe sandbox="allow-scripts" security="restricted" src="https://www.improof.lu/de/articles/pauvrete-energetique-au-luxembourg/embed/#?secret=aXVRjaSkWF" width="600" height="338" title="&#8220;Pauvreté énergétique au Luxembourg : comment la mesurer ?&#8221; &#8212; Improof" data-secret="aXVRjaSkWF" frameborder="0" marginwidth="0" marginheight="0" scrolling="no" class="wp-embedded-content"></iframe><script>
/*! This file is auto-generated */
!function(d,l){"use strict";l.querySelector&&d.addEventListener&&"undefined"!=typeof URL&&(d.wp=d.wp||{},d.wp.receiveEmbedMessage||(d.wp.receiveEmbedMessage=function(e){var t=e.data;if((t||t.secret||t.message||t.value)&&!/[^a-zA-Z0-9]/.test(t.secret)){for(var s,r,n,a=l.querySelectorAll('iframe[data-secret="'+t.secret+'"]'),o=l.querySelectorAll('blockquote[data-secret="'+t.secret+'"]'),c=new RegExp("^https?:$","i"),i=0;i<o.length;i++)o[i].style.display="none";for(i=0;i<a.length;i++)s=a[i],e.source===s.contentWindow&&(s.removeAttribute("style"),"height"===t.message?(1e3<(r=parseInt(t.value,10))?r=1e3:~~r<200&&(r=200),s.height=r):"link"===t.message&&(r=new URL(s.getAttribute("src")),n=new URL(t.value),c.test(n.protocol))&&n.host===r.host&&l.activeElement===s&&(d.top.location.href=t.value))}},d.addEventListener("message",d.wp.receiveEmbedMessage,!1),l.addEventListener("DOMContentLoaded",function(){for(var e,t,s=l.querySelectorAll("iframe.wp-embedded-content"),r=0;r<s.length;r++)(t=(e=s[r]).getAttribute("data-secret"))||(t=Math.random().toString(36).substring(2,12),e.src+="#?secret="+t,e.setAttribute("data-secret",t)),e.contentWindow.postMessage({message:"ready",secret:t},"*")},!1)))}(window,document);
</script>

La crise actuelle frappe de plein fouet une importante proportion de la population, au Luxembourg et ailleurs. Les prix de l’énergie ont atteint des records et grève le budget des ménages. Quelle est la conséquence de cette crise sur la pauvreté énergétique ?
