{"version":"1.0","provider_name":"Improof","provider_url":"https:\/\/www.improof.lu\/en\/","author_name":"Nermin Plavsic","author_url":"https:\/\/www.improof.lu\/en\/articles\/author\/nermin-plavsic\/","title":"Kinder in REVIS-Haushalten - \u201eK\u00e9ng Chance vun Ufank un?\u201c","type":"rich","width":600,"height":338,"html":"<blockquote class=\"wp-embedded-content\" data-secret=\"jhOUhY3Vuv\"><a href=\"https:\/\/www.improof.lu\/en\/articles\/kinderarmut-in-luxemburg\/\">Kinderarmut in Luxemburg<\/a><\/blockquote><iframe sandbox=\"allow-scripts\" security=\"restricted\" src=\"https:\/\/www.improof.lu\/en\/articles\/kinderarmut-in-luxemburg\/embed\/#?secret=jhOUhY3Vuv\" width=\"600\" height=\"338\" title=\"&#8220;Kinderarmut in Luxemburg&#8221; &#8212; Improof\" data-secret=\"jhOUhY3Vuv\" frameborder=\"0\" marginwidth=\"0\" marginheight=\"0\" scrolling=\"no\" class=\"wp-embedded-content\"><\/iframe><script>\n\/*! This file is auto-generated *\/\n!function(d,l){\"use strict\";l.querySelector&&d.addEventListener&&\"undefined\"!=typeof URL&&(d.wp=d.wp||{},d.wp.receiveEmbedMessage||(d.wp.receiveEmbedMessage=function(e){var t=e.data;if((t||t.secret||t.message||t.value)&&!\/[^a-zA-Z0-9]\/.test(t.secret)){for(var s,r,n,a=l.querySelectorAll('iframe[data-secret=\"'+t.secret+'\"]'),o=l.querySelectorAll('blockquote[data-secret=\"'+t.secret+'\"]'),c=new RegExp(\"^https?:$\",\"i\"),i=0;i<o.length;i++)o[i].style.display=\"none\";for(i=0;i<a.length;i++)s=a[i],e.source===s.contentWindow&&(s.removeAttribute(\"style\"),\"height\"===t.message?(1e3<(r=parseInt(t.value,10))?r=1e3:~~r<200&&(r=200),s.height=r):\"link\"===t.message&&(r=new URL(s.getAttribute(\"src\")),n=new URL(t.value),c.test(n.protocol))&&n.host===r.host&&l.activeElement===s&&(d.top.location.href=t.value))}},d.addEventListener(\"message\",d.wp.receiveEmbedMessage,!1),l.addEventListener(\"DOMContentLoaded\",function(){for(var e,t,s=l.querySelectorAll(\"iframe.wp-embedded-content\"),r=0;r<s.length;r++)(t=(e=s[r]).getAttribute(\"data-secret\"))||(t=Math.random().toString(36).substring(2,12),e.src+=\"#?secret=\"+t,e.setAttribute(\"data-secret\",t)),e.contentWindow.postMessage({message:\"ready\",secret:t},\"*\")},!1)))}(window,document);\n<\/script>\n","description":"Armut und Ausgrenzung\/Exklusion h\u00e4ngen zusammen: \u201eArmut bezeichnet prim\u00e4r einen Mangel an Ressourcen; Ausgrenzung bezeichnet prim\u00e4r die Marginalisierung von einer Person, einer Familie, einer Gruppe wegen zu gro\u00dfer Entfernung mit dem dominanten Lebensstil in der Gesellschaft\u201c. Seit 2010, dem 1. Europ\u00e4ischen Jahr zur Bek\u00e4mpfung von Armut und sozialer Ausgrenzung, sind Begriffe wie Armutsbek\u00e4mpfung einerseits und F\u00f6rderung der sozialen Koh\u00e4sion andererseits in aller Munde. Noch nie wurde auch in Luxemburg mehr Geld in die Sozialpolitik investiert als heute und trotzdem steigt das Armutsrisiko immer h\u00f6her und geht die Schere zwischen Arm und Reich immer mehr auseinander.","thumbnail_url":"https:\/\/www.improof.lu\/app\/uploads\/2024\/07\/img.jpg","thumbnail_width":1920,"thumbnail_height":1076}

Kinder in REVIS-Haushalten - „Kéng Chance vun Ufank un?“

Armut und Ausgrenzung/Exklusion hängen zusammen: „Armut bezeichnet primär einen Mangel an Ressourcen; Ausgrenzung bezeichnet primär die Marginalisierung von einer Person, einer Familie, einer Gruppe wegen zu großer Entfernung mit dem dominanten Lebensstil in der Gesellschaft“. Seit 2010, dem 1. Europäischen Jahr zur Bekämpfung von Armut und sozialer Ausgrenzung, sind Begriffe wie Armutsbekämpfung einerseits und Förderung der sozialen Kohäsion andererseits in aller Munde. Noch nie wurde auch in Luxemburg mehr Geld in die Sozialpolitik investiert als heute und trotzdem steigt das Armutsrisiko immer höher und geht die Schere zwischen Arm und Reich immer mehr auseinander.
