{"version":"1.0","provider_name":"Improof","provider_url":"https:\/\/www.improof.lu\/en\/","author_name":"Robert Urb\u00e9","author_url":"https:\/\/www.improof.lu\/en\/articles\/author\/robert-urbe\/","title":"La pauvret\u00e9 au travail au Luxembourg et ses causes","type":"rich","width":600,"height":338,"html":"<blockquote class=\"wp-embedded-content\" data-secret=\"SingE890wn\"><a href=\"https:\/\/www.improof.lu\/en\/articles\/la-pauvrete-au-travail-au-luxembourg\/\">La pauvret\u00e9 au travail au Luxembourg et ses causes[1]<\/a><\/blockquote><iframe sandbox=\"allow-scripts\" security=\"restricted\" src=\"https:\/\/www.improof.lu\/en\/articles\/la-pauvrete-au-travail-au-luxembourg\/embed\/#?secret=SingE890wn\" width=\"600\" height=\"338\" title=\"&#8220;La pauvret\u00e9 au travail au Luxembourg et ses causes[1]&#8221; &#8212; Improof\" data-secret=\"SingE890wn\" frameborder=\"0\" marginwidth=\"0\" marginheight=\"0\" scrolling=\"no\" class=\"wp-embedded-content\"><\/iframe><script>\n\/*! This file is auto-generated *\/\n!function(d,l){\"use strict\";l.querySelector&&d.addEventListener&&\"undefined\"!=typeof URL&&(d.wp=d.wp||{},d.wp.receiveEmbedMessage||(d.wp.receiveEmbedMessage=function(e){var t=e.data;if((t||t.secret||t.message||t.value)&&!\/[^a-zA-Z0-9]\/.test(t.secret)){for(var s,r,n,a=l.querySelectorAll('iframe[data-secret=\"'+t.secret+'\"]'),o=l.querySelectorAll('blockquote[data-secret=\"'+t.secret+'\"]'),c=new RegExp(\"^https?:$\",\"i\"),i=0;i<o.length;i++)o[i].style.display=\"none\";for(i=0;i<a.length;i++)s=a[i],e.source===s.contentWindow&&(s.removeAttribute(\"style\"),\"height\"===t.message?(1e3<(r=parseInt(t.value,10))?r=1e3:~~r<200&&(r=200),s.height=r):\"link\"===t.message&&(r=new URL(s.getAttribute(\"src\")),n=new URL(t.value),c.test(n.protocol))&&n.host===r.host&&l.activeElement===s&&(d.top.location.href=t.value))}},d.addEventListener(\"message\",d.wp.receiveEmbedMessage,!1),l.addEventListener(\"DOMContentLoaded\",function(){for(var e,t,s=l.querySelectorAll(\"iframe.wp-embedded-content\"),r=0;r<s.length;r++)(t=(e=s[r]).getAttribute(\"data-secret\"))||(t=Math.random().toString(36).substring(2,12),e.src+=\"#?secret=\"+t,e.setAttribute(\"data-secret\",t)),e.contentWindow.postMessage({message:\"ready\",secret:t},\"*\")},!1)))}(window,document);\n<\/script>\n","description":"\u00c0 maintes reprises, le taux de pauvret\u00e9 au travail qui est particuli\u00e8rement \u00e9lev\u00e9 au Luxembourg, a \u00e9t\u00e9 th\u00e9matis\u00e9 que ce soit dans le Panorama social de la CSL (et encore derni\u00e8rement par son directeur Sylvain Hoffmann dans le num\u00e9ro 430 de mars 2023 de la revue \u00ab forum \u00bb) ou d\u2019autres publications. Il manque cependant une analyse approfondie du \u00ab pourquoi \u00bb de ce taux de pauvret\u00e9 \u00e9lev\u00e9. La pr\u00e9sente note en veut montrer quelques pistes, le travail principal restant cependant \u00e0 faire.","thumbnail_url":"https:\/\/www.improof.lu\/app\/uploads\/2023\/03\/La-pauvrete-au-travail-au-Luxembourg-et-ses-causes.jpg","thumbnail_width":1920,"thumbnail_height":1200}

Robert Urbé

La pauvreté au travail au Luxembourg et ses causes

<blockquote class="wp-embedded-content" data-secret="SingE890wn"><a href="https://www.improof.lu/en/articles/la-pauvrete-au-travail-au-luxembourg/">La pauvreté au travail au Luxembourg et ses causes[1]</a></blockquote><iframe sandbox="allow-scripts" security="restricted" src="https://www.improof.lu/en/articles/la-pauvrete-au-travail-au-luxembourg/embed/#?secret=SingE890wn" width="600" height="338" title="&#8220;La pauvreté au travail au Luxembourg et ses causes[1]&#8221; &#8212; Improof" data-secret="SingE890wn" frameborder="0" marginwidth="0" marginheight="0" scrolling="no" class="wp-embedded-content"></iframe><script>
/*! This file is auto-generated */
!function(d,l){"use strict";l.querySelector&&d.addEventListener&&"undefined"!=typeof URL&&(d.wp=d.wp||{},d.wp.receiveEmbedMessage||(d.wp.receiveEmbedMessage=function(e){var t=e.data;if((t||t.secret||t.message||t.value)&&!/[^a-zA-Z0-9]/.test(t.secret)){for(var s,r,n,a=l.querySelectorAll('iframe[data-secret="'+t.secret+'"]'),o=l.querySelectorAll('blockquote[data-secret="'+t.secret+'"]'),c=new RegExp("^https?:$","i"),i=0;i<o.length;i++)o[i].style.display="none";for(i=0;i<a.length;i++)s=a[i],e.source===s.contentWindow&&(s.removeAttribute("style"),"height"===t.message?(1e3<(r=parseInt(t.value,10))?r=1e3:~~r<200&&(r=200),s.height=r):"link"===t.message&&(r=new URL(s.getAttribute("src")),n=new URL(t.value),c.test(n.protocol))&&n.host===r.host&&l.activeElement===s&&(d.top.location.href=t.value))}},d.addEventListener("message",d.wp.receiveEmbedMessage,!1),l.addEventListener("DOMContentLoaded",function(){for(var e,t,s=l.querySelectorAll("iframe.wp-embedded-content"),r=0;r<s.length;r++)(t=(e=s[r]).getAttribute("data-secret"))||(t=Math.random().toString(36).substring(2,12),e.src+="#?secret="+t,e.setAttribute("data-secret",t)),e.contentWindow.postMessage({message:"ready",secret:t},"*")},!1)))}(window,document);
</script>

À maintes reprises, le taux de pauvreté au travail qui est particulièrement élevé au Luxembourg, a été thématisé que ce soit dans le Panorama social de la CSL (et encore dernièrement par son directeur Sylvain Hoffmann dans le numéro 430 de mars 2023 de la revue « forum ») ou d’autres publications. Il manque cependant une analyse approfondie du « pourquoi » de ce taux de pauvreté élevé. La présente note en veut montrer quelques pistes, le travail principal restant cependant à faire.
