{"version":"1.0","provider_name":"Improof","provider_url":"https:\/\/www.improof.lu\/fr\/","author_name":"Nermin Plavsic","author_url":"https:\/\/www.improof.lu\/fr\/articles\/author\/nermin-plavsic\/","title":"Pensions : une r\u00e9forme id\u00e9ologique qui fragilise le syst\u00e8me qu\u2019elle pr\u00e9tend sauver","type":"rich","width":600,"height":338,"html":"<blockquote class=\"wp-embedded-content\" data-secret=\"qNvfb0ZWvr\"><a href=\"https:\/\/www.improof.lu\/fr\/articles\/pensions-une-reforme-ideologique\/\">Pensions : une r\u00e9forme id\u00e9ologique qui fragilise le syst\u00e8me qu\u2019elle pr\u00e9tend sauver<\/a><\/blockquote><iframe sandbox=\"allow-scripts\" security=\"restricted\" src=\"https:\/\/www.improof.lu\/fr\/articles\/pensions-une-reforme-ideologique\/embed\/#?secret=qNvfb0ZWvr\" width=\"600\" height=\"338\" title=\"&#8220;Pensions : une r\u00e9forme id\u00e9ologique qui fragilise le syst\u00e8me qu\u2019elle pr\u00e9tend sauver&#8221; &#8212; Improof\" data-secret=\"qNvfb0ZWvr\" frameborder=\"0\" marginwidth=\"0\" marginheight=\"0\" scrolling=\"no\" class=\"wp-embedded-content\"><\/iframe><script>\n\/*! This file is auto-generated *\/\n!function(d,l){\"use strict\";l.querySelector&&d.addEventListener&&\"undefined\"!=typeof URL&&(d.wp=d.wp||{},d.wp.receiveEmbedMessage||(d.wp.receiveEmbedMessage=function(e){var t=e.data;if((t||t.secret||t.message||t.value)&&!\/[^a-zA-Z0-9]\/.test(t.secret)){for(var s,r,n,a=l.querySelectorAll('iframe[data-secret=\"'+t.secret+'\"]'),o=l.querySelectorAll('blockquote[data-secret=\"'+t.secret+'\"]'),c=new RegExp(\"^https?:$\",\"i\"),i=0;i<o.length;i++)o[i].style.display=\"none\";for(i=0;i<a.length;i++)s=a[i],e.source===s.contentWindow&&(s.removeAttribute(\"style\"),\"height\"===t.message?(1e3<(r=parseInt(t.value,10))?r=1e3:~~r<200&&(r=200),s.height=r):\"link\"===t.message&&(r=new URL(s.getAttribute(\"src\")),n=new URL(t.value),c.test(n.protocol))&&n.host===r.host&&l.activeElement===s&&(d.top.location.href=t.value))}},d.addEventListener(\"message\",d.wp.receiveEmbedMessage,!1),l.addEventListener(\"DOMContentLoaded\",function(){for(var e,t,s=l.querySelectorAll(\"iframe.wp-embedded-content\"),r=0;r<s.length;r++)(t=(e=s[r]).getAttribute(\"data-secret\"))||(t=Math.random().toString(36).substring(2,12),e.src+=\"#?secret=\"+t,e.setAttribute(\"data-secret\",t)),e.contentWindow.postMessage({message:\"ready\",secret:t},\"*\")},!1)))}(window,document);\n<\/script>\n","description":"Dans son ensemble, le projet de loi concernant la r\u00e9forme des pensions s\u2019av\u00e8re largement insatisfaisant : non seulement son rendement financier est maigre \u2013 notamment compar\u00e9 au co\u00fbt soci\u00e9tal important \u2013, mais la majorit\u00e9 des mesures propos\u00e9es pr\u00e9sentent un effet quasi nul sur l\u2019\u00e9quilibre du r\u00e9gime tout en engendrant une charge fiscale suppl\u00e9mentaire non n\u00e9gligeable.","thumbnail_url":"https:\/\/www.improof.lu\/app\/uploads\/2025\/12\/reform-1024x574.png","thumbnail_width":1024,"thumbnail_height":574}

Pensions : une réforme idéologique qui fragilise le système qu’elle prétend sauver

<blockquote class="wp-embedded-content" data-secret="qNvfb0ZWvr"><a href="https://www.improof.lu/fr/articles/pensions-une-reforme-ideologique/">Pensions : une réforme idéologique qui fragilise le système qu’elle prétend sauver</a></blockquote><iframe sandbox="allow-scripts" security="restricted" src="https://www.improof.lu/fr/articles/pensions-une-reforme-ideologique/embed/#?secret=qNvfb0ZWvr" width="600" height="338" title="&#8220;Pensions : une réforme idéologique qui fragilise le système qu’elle prétend sauver&#8221; &#8212; Improof" data-secret="qNvfb0ZWvr" frameborder="0" marginwidth="0" marginheight="0" scrolling="no" class="wp-embedded-content"></iframe><script>
/*! This file is auto-generated */
!function(d,l){"use strict";l.querySelector&&d.addEventListener&&"undefined"!=typeof URL&&(d.wp=d.wp||{},d.wp.receiveEmbedMessage||(d.wp.receiveEmbedMessage=function(e){var t=e.data;if((t||t.secret||t.message||t.value)&&!/[^a-zA-Z0-9]/.test(t.secret)){for(var s,r,n,a=l.querySelectorAll('iframe[data-secret="'+t.secret+'"]'),o=l.querySelectorAll('blockquote[data-secret="'+t.secret+'"]'),c=new RegExp("^https?:$","i"),i=0;i<o.length;i++)o[i].style.display="none";for(i=0;i<a.length;i++)s=a[i],e.source===s.contentWindow&&(s.removeAttribute("style"),"height"===t.message?(1e3<(r=parseInt(t.value,10))?r=1e3:~~r<200&&(r=200),s.height=r):"link"===t.message&&(r=new URL(s.getAttribute("src")),n=new URL(t.value),c.test(n.protocol))&&n.host===r.host&&l.activeElement===s&&(d.top.location.href=t.value))}},d.addEventListener("message",d.wp.receiveEmbedMessage,!1),l.addEventListener("DOMContentLoaded",function(){for(var e,t,s=l.querySelectorAll("iframe.wp-embedded-content"),r=0;r<s.length;r++)(t=(e=s[r]).getAttribute("data-secret"))||(t=Math.random().toString(36).substring(2,12),e.src+="#?secret="+t,e.setAttribute("data-secret",t)),e.contentWindow.postMessage({message:"ready",secret:t},"*")},!1)))}(window,document);
</script>

Dans son ensemble, le projet de loi concernant la réforme des pensions s’avère largement insatisfaisant : non seulement son rendement financier est maigre – notamment comparé au coût sociétal important –, mais la majorité des mesures proposées présentent un effet quasi nul sur l’équilibre du régime tout en engendrant une charge fiscale supplémentaire non négligeable.
